{"id":509,"date":"2018-12-27T11:40:19","date_gmt":"2018-12-27T11:40:19","guid":{"rendered":"https:\/\/freestudio.com.br\/home\/?page_id=509"},"modified":"2023-10-22T19:03:54","modified_gmt":"2023-10-22T22:03:54","slug":"a-escola","status":"publish","type":"page","link":"https:\/\/freestudio.com.br\/home\/a-escola\/","title":{"rendered":"A Escola"},"content":{"rendered":"<section class=\"wpb-content-wrapper\"><p>[vc_row][vc_column width=&#8221;1\/2&#8243;]<h2 class=\"without-bottom-space \" data-delay='0'>Free<strong>Studio<\/strong><\/h2><div id=\"1696207949687-fecc61ae-eae0\" class=\"dt-sc-empty-space\"><\/div>[vc_column_text]A FreeStudio Escola de M\u00fasica com 30 anos de tradi\u00e7\u00e3o, traz consigo milhares de horas de experi\u00eancia em ensino musical para crian\u00e7as, jovens e adultos.<\/p>\n<p>Localizada em uma charmosa casa bem no centro de Blumenau &#8211; SC, a Free conta com instrumentos e equipamentos de \u00e1udio profissionais. Nossos professores s\u00e3o qualificados, altamente capacitados e, acima de tudo, apaixonados pela m\u00fasica. Eles est\u00e3o prontos para desenvolver o seu talento musical atrav\u00e9s de um m\u00e9todo de ensino descomplicado, divertido e prazeroso.[\/vc_column_text][\/vc_column][vc_column width=&#8221;1\/2&#8243;][vc_single_image image=&#8221;20017&#8243; img_size=&#8221;full&#8221; alignment=&#8221;center&#8221;][\/vc_column][\/vc_row][vc_row][vc_column width=&#8221;1\/2&#8243;]<h2 class=\"without-bottom-space \" data-delay='0'>Breve <strong>Hist\u00f3ria<\/strong><\/h2><div id=\"1697981995077-29a24f72-4574\" class=\"dt-sc-empty-space\"><\/div>[vc_column_text]Em fevereiro de 1992, iniciaram os trabalhos em Blumenau com aulas particulares de flauta doce, flauta transversal, teclado e viol\u00e3o. Em pouco tempo o trabalho se tornou conhecido como sin\u00f4nimo de qualidade em educa\u00e7\u00e3o musical e em janeiro de 1998 fundaram a Escola de M\u00fasica FreeStudio com uma equipe de 4 professores.<\/p>\n<p>Hoje a FreeStudio \u00e9 refer\u00eancia em ensino musical, gra\u00e7as \u00e0 determina\u00e7\u00e3o, preparo profissional, coragem, vis\u00e3o e investimentos de mais de 20 pessoas que amam a m\u00fasica e que assumem o compromisso de oferecer ao povo de Blumenau o que existe de melhor em ensino musical.[\/vc_column_text][\/vc_column][vc_column width=&#8221;1\/2&#8243;][vc_single_image image=&#8221;20020&#8243; img_size=&#8221;full&#8221; alignment=&#8221;center&#8221;][\/vc_column][\/vc_row][vc_row equal_height=&#8221;yes&#8221; content_placement=&#8221;middle&#8221; bg_type=&#8221;image&#8221; parallax_style=&#8221;vcpb-fs-jquery&#8221; layer_image=&#8221;19168&#8243; el_class=&#8221;dt-sc-animated-interaction&#8221;][vc_column offset=&#8221;vc_col-lg-6 vc_col-md-6&#8243;][vc_row_inner][vc_column_inner width=&#8221;1\/6&#8243; css=&#8221;.vc_custom_1546679601244{padding-right: 0px !important;padding-left: 0px !important;}&#8221;][\/vc_column_inner][vc_column_inner width=&#8221;2\/3&#8243;][vc_single_image image=&#8221;19767&#8243; img_size=&#8221;full&#8221; el_class=&#8221;pentagon with-outline&#8221;]<div id=\"1549277253393-f1c43aae-094d\" class=\"dt-sc-empty-space\"><\/div>[\/vc_column_inner][vc_column_inner width=&#8221;1\/6&#8243; css=&#8221;.vc_custom_1546679605683{padding-right: 0px !important;padding-left: 0px !important;}&#8221;][\/vc_column_inner][\/vc_row_inner][\/vc_column][vc_column offset=&#8221;vc_col-lg-6 vc_col-md-6&#8243;]<div class='dt-sc-title with-right-border-decor  without-bottom-space' data-delay='0'><h2>Carmen <strong>Dyck<\/strong><\/h2><p><\/p><\/div><div id=\"1696208219567-fc8fb9c4-3805\" class=\"dt-sc-empty-space\"><\/div><h4 class=\"without-main-title alignleft \" data-delay='0'>Fundadora e Diretora<\/h4><div id=\"1545981659471-222bc624-9812\" class=\"dt-sc-empty-space\"><\/div><div class='dt-sc-title with-right-border-decor  without-main-title alignleft' data-delay='0'><h2><\/h2><p>Ela \u00e9 a fundadora e uma apaixonada pela m\u00fasica que, atualmente, \u00e9 a diretora e coordenadora pedag\u00f3gica da escola, cujo compromisso com a excel\u00eancia musical e o desenvolvimento pessoal dos alunos \u00e9 a pedra angular da nossa escola.<\/p>\n<p>A paix\u00e3o pela m\u00fasica levou Carmen a perseguir uma educa\u00e7\u00e3o musical s\u00f3lida formando-se com Licenciatura em M\u00fasica pela Universidade Regional e Blumenau \u2013 FURB, al\u00e9m de buscar oportunidades de aprimorar suas habilidades atrav\u00e9s de diversas especializa\u00e7\u00f5es e cursos.<\/p><\/div><div id=\"1546680304955-2af65b5d-becd\" class=\"dt-sc-empty-space\"><\/div>[\/vc_column][\/vc_row][vc_row full_width=&#8221;default_no_spaces&#8221; bg_type=&#8221;bg_color&#8221; bg_color_value=&#8221;#fcd123&#8243; css=&#8221;.vc_custom_1696212324614{padding-top: 50px !important;padding-bottom: 0px !important;}&#8221; el_class=&#8221;dt-sc-skin-highlight dt-sc-paper-pattern-bottom&#8221;][vc_column width=&#8221;2\/3&#8243; css=&#8221;.vc_custom_1696212350593{padding-top: 50px !important;padding-bottom: 0px !important;}&#8221;][vc_masonry_media_grid element_width=&#8221;2&#8243; initial_loading_animation=&#8221;fadeIn&#8221; grid_id=&#8221;vc_gid:1698011923574-876be816a6ae3af99f8ea4da16c8883e-7&#8243; include=&#8221;19788,20018,19787,19786,19785,19784,19783,20019,19782&#8243;][\/vc_column][vc_column width=&#8221;1\/3&#8243; css=&#8221;.vc_custom_1696212358107{padding-top: 50px !important;padding-bottom: 0px !important;}&#8221;][vc_column_text]<iframe loading=\"lazy\" width=\"560\" height=\"315\" src=\"https:\/\/www.youtube.com\/embed\/nMQ5M1IZank?si=1vOALfCV8EXC-ZuW\" title=\"YouTube video player\" frameborder=\"0\" allow=\"accelerometer; autoplay; clipboard-write; encrypted-media; gyroscope; picture-in-picture; web-share\" allowfullscreen><\/iframe>[\/vc_column_text][\/vc_column][\/vc_row]<\/p>\n<\/section>","protected":false},"excerpt":{"rendered":"<p>[vc_row][vc_column width=&#8221;1\/2&#8243;][vc_column_text]A FreeStudio Escola de M\u00fasica com 30 anos de tradi\u00e7\u00e3o, traz consigo milhares de horas de experi\u00eancia em ensino musical para crian\u00e7as, jovens e adultos. Localizada em uma charmosa casa bem no centro de Blumenau &#8211; SC, a Free conta com instrumentos e equipamentos de \u00e1udio profissionais. Nossos professores s\u00e3o qualificados, altamente capacitados e, [&hellip;]<\/p>\n","protected":false},"author":1,"featured_media":0,"parent":0,"menu_order":0,"comment_status":"closed","ping_status":"closed","template":"","meta":{"footnotes":"","_joinchat":[]},"_links":{"self":[{"href":"https:\/\/freestudio.com.br\/home\/wp-json\/wp\/v2\/pages\/509"}],"collection":[{"href":"https:\/\/freestudio.com.br\/home\/wp-json\/wp\/v2\/pages"}],"about":[{"href":"https:\/\/freestudio.com.br\/home\/wp-json\/wp\/v2\/types\/page"}],"author":[{"embeddable":true,"href":"https:\/\/freestudio.com.br\/home\/wp-json\/wp\/v2\/users\/1"}],"replies":[{"embeddable":true,"href":"https:\/\/freestudio.com.br\/home\/wp-json\/wp\/v2\/comments?post=509"}],"version-history":[{"count":31,"href":"https:\/\/freestudio.com.br\/home\/wp-json\/wp\/v2\/pages\/509\/revisions"}],"predecessor-version":[{"id":20026,"href":"https:\/\/freestudio.com.br\/home\/wp-json\/wp\/v2\/pages\/509\/revisions\/20026"}],"wp:attachment":[{"href":"https:\/\/freestudio.com.br\/home\/wp-json\/wp\/v2\/media?parent=509"}],"curies":[{"name":"wp","href":"https:\/\/api.w.org\/{rel}","templated":true}]}}

<section class="wpb-content-wrapper"><p>[vc_row][vc_column width=&#8221;1/2&#8243;]<h2 class="without-bottom-space " data-delay='0'>Free<strong>Studio</strong></h2><div id="1696207949687-fecc61ae-eae0" class="dt-sc-empty-space"></div>[vc_column_text]A FreeStudio Escola de Música com 30 anos de tradição, traz consigo milhares de horas de experiência em ensino musical para crianças, jovens e adultos.</p>
<p>Localizada em uma charmosa casa bem no centro de Blumenau &#8211; SC, a Free conta com instrumentos e equipamentos de áudio profissionais. Nossos professores são qualificados, altamente capacitados e, acima de tudo, apaixonados pela música. Eles estão prontos para desenvolver o seu talento musical através de um método de ensino descomplicado, divertido e prazeroso.[/vc_column_text][/vc_column][vc_column width=&#8221;1/2&#8243;][vc_single_image image=&#8221;20017&#8243; img_size=&#8221;full&#8221; alignment=&#8221;center&#8221;][/vc_column][/vc_row][vc_row][vc_column width=&#8221;1/2&#8243;]<h2 class="without-bottom-space " data-delay='0'>Breve <strong>História</strong></h2><div id="1697981995077-29a24f72-4574" class="dt-sc-empty-space"></div>[vc_column_text]Em fevereiro de 1992, iniciaram os trabalhos em Blumenau com aulas particulares de flauta doce, flauta transversal, teclado e violão. Em pouco tempo o trabalho se tornou conhecido como sinônimo de qualidade em educação musical e em janeiro de 1998 fundaram a Escola de Música FreeStudio com uma equipe de 4 professores.</p>
<p>Hoje a FreeStudio é referência em ensino musical, graças à determinação, preparo profissional, coragem, visão e investimentos de mais de 20 pessoas que amam a música e que assumem o compromisso de oferecer ao povo de Blumenau o que existe de melhor em ensino musical.[/vc_column_text][/vc_column][vc_column width=&#8221;1/2&#8243;][vc_single_image image=&#8221;20020&#8243; img_size=&#8221;full&#8221; alignment=&#8221;center&#8221;][/vc_column][/vc_row][vc_row equal_height=&#8221;yes&#8221; content_placement=&#8221;middle&#8221; bg_type=&#8221;image&#8221; parallax_style=&#8221;vcpb-fs-jquery&#8221; layer_image=&#8221;19168&#8243; el_class=&#8221;dt-sc-animated-interaction&#8221;][vc_column offset=&#8221;vc_col-lg-6 vc_col-md-6&#8243;][vc_row_inner][vc_column_inner width=&#8221;1/6&#8243; css=&#8221;.vc_custom_1546679601244{padding-right: 0px !important;padding-left: 0px !important;}&#8221;][/vc_column_inner][vc_column_inner width=&#8221;2/3&#8243;][vc_single_image image=&#8221;19767&#8243; img_size=&#8221;full&#8221; el_class=&#8221;pentagon with-outline&#8221;]<div id="1549277253393-f1c43aae-094d" class="dt-sc-empty-space"></div>[/vc_column_inner][vc_column_inner width=&#8221;1/6&#8243; css=&#8221;.vc_custom_1546679605683{padding-right: 0px !important;padding-left: 0px !important;}&#8221;][/vc_column_inner][/vc_row_inner][/vc_column][vc_column offset=&#8221;vc_col-lg-6 vc_col-md-6&#8243;]<div class='dt-sc-title with-right-border-decor  without-bottom-space' data-delay='0'><h2>Carmen <strong>Dyck</strong></h2><p></p></div><div id="1696208219567-fc8fb9c4-3805" class="dt-sc-empty-space"></div><h4 class="without-main-title alignleft " data-delay='0'>Fundadora e Diretora</h4><div id="1545981659471-222bc624-9812" class="dt-sc-empty-space"></div><div class='dt-sc-title with-right-border-decor  without-main-title alignleft' data-delay='0'><h2></h2><p>Ela é a fundadora e uma apaixonada pela música que, atualmente, é a diretora e coordenadora pedagógica da escola, cujo compromisso com a excelência musical e o desenvolvimento pessoal dos alunos é a pedra angular da nossa escola.</p>
<p>A paixão pela música levou Carmen a perseguir uma educação musical sólida formando-se com Licenciatura em Música pela Universidade Regional e Blumenau – FURB, além de buscar oportunidades de aprimorar suas habilidades através de diversas especializações e cursos.</p></div><div id="1546680304955-2af65b5d-becd" class="dt-sc-empty-space"></div>[/vc_column][/vc_row][vc_row full_width=&#8221;default_no_spaces&#8221; bg_type=&#8221;bg_color&#8221; bg_color_value=&#8221;#fcd123&#8243; css=&#8221;.vc_custom_1696212324614{padding-top: 50px !important;padding-bottom: 0px !important;}&#8221; el_class=&#8221;dt-sc-skin-highlight dt-sc-paper-pattern-bottom&#8221;][vc_column width=&#8221;2/3&#8243; css=&#8221;.vc_custom_1696212350593{padding-top: 50px !important;padding-bottom: 0px !important;}&#8221;][vc_masonry_media_grid element_width=&#8221;2&#8243; initial_loading_animation=&#8221;fadeIn&#8221; grid_id=&#8221;vc_gid:1698011923574-876be816a6ae3af99f8ea4da16c8883e-7&#8243; include=&#8221;19788,20018,19787,19786,19785,19784,19783,20019,19782&#8243;][/vc_column][vc_column width=&#8221;1/3&#8243; css=&#8221;.vc_custom_1696212358107{padding-top: 50px !important;padding-bottom: 0px !important;}&#8221;][vc_column_text]<iframe loading="lazy" width="560" height="315" src="https://www.youtube.com/embed/nMQ5M1IZank?si=1vOALfCV8EXC-ZuW" title="YouTube video player" frameborder="0" allow="accelerometer; autoplay; clipboard-write; encrypted-media; gyroscope; picture-in-picture; web-share" allowfullscreen></iframe>[/vc_column_text][/vc_column][/vc_row]</p>
</section>

<p>[vc_row][vc_column width=&#8221;1/2&#8243;][vc_column_text]A FreeStudio Escola de Música com 30 anos de tradição, traz consigo milhares de horas de experiência em ensino musical para crianças, jovens e adultos. Localizada em uma charmosa casa bem no centro de Blumenau &#8211; SC, a Free conta com instrumentos e equipamentos de áudio profissionais. Nossos professores são qualificados, altamente capacitados e, [&hellip;]</p>
