{"id":94,"date":"2018-12-20T07:08:18","date_gmt":"2018-12-20T07:08:18","guid":{"rendered":"https:\/\/freestudio.com.br\/home\/?page_id=94"},"modified":"2023-10-22T18:57:17","modified_gmt":"2023-10-22T21:57:17","slug":"home","status":"publish","type":"page","link":"https:\/\/freestudio.com.br\/home\/","title":{"rendered":"Home"},"content":{"rendered":"<section class=\"wpb-content-wrapper\"><p>[vc_row full_width=&#8221;stretch_row&#8221; bg_type=&#8221;image&#8221; parallax_style=&#8221;vcpb-fs-jquery&#8221; layer_image=&#8221;19898,882&#8243; parallax_sense=&#8221;60&#8243; el_class=&#8221;dt-sc-animated-interaction&#8221; addstyles=&#8221;overflow: visible;&#8221;][vc_column offset=&#8221;vc_col-lg-7&#8243;]<div class='dt-sc-title with-right-border-decor  alignleft' data-delay='0'><h2>FreeStudio Escola de M\u00fasica<\/h2><p>A FreeStudio Escola de M\u00fasica com 30 anos de tradi\u00e7\u00e3o, traz consigo milhares de horas de experi\u00eancia em ensino musical para crian\u00e7as, jovens e adultos. Localizada em uma charmosa casa bem no centro de Blumenau &#8211; SC, a FreeStudio conta com professores qualificados. Confira os nossos diferenciais:<\/p><\/div><div id=\"1546581162637-f7f81670-4724\" class=\"dt-sc-empty-space\"><\/div>[vc_row_inner][vc_column_inner width=&#8221;1\/2&#8243;]<div class='dt-sc-icon-box type8 animated-icons alignright ' data-delay='0' ><div class=\"icon-wrapper\"><span class='fas fa-heart'> <\/span><\/div><div class=\"icon-content\"><h5>Espa\u00e7o Acolhedor<\/h5><p><\/p><\/div><\/div><div class='dt-sc-icon-box type8 animated-icons alignright ' data-delay='0' ><div class=\"icon-wrapper\"><span class='fas fa-users'> <\/span><\/div><div class=\"icon-content\"><h5>Ambiente Familiar<\/h5><p><\/p><\/div><\/div><div class='dt-sc-icon-box type8 animated-icons alignright last ' data-delay='0' ><div class=\"icon-wrapper\"><span class='fas fa-microphone-alt'> <\/span><\/div><div class=\"icon-content\"><h5>Participa\u00e7\u00e3o em Eventos<\/h5><p><\/p><\/div><\/div>[\/vc_column_inner][vc_column_inner width=&#8221;1\/2&#8243;]<div class='dt-sc-icon-box type8 animated-icons ' data-delay='0' ><div class=\"icon-wrapper\"><span class='fas fa-book'> <\/span><\/div><div class=\"icon-content\"><h5>Proposta Pedag\u00f3gica<\/h5><p><\/p><\/div><\/div><div class='dt-sc-icon-box type8 animated-icons ' data-delay='0' ><div class=\"icon-wrapper\"><span class='fas fa-user-shield'> <\/span><\/div><div class=\"icon-content\"><h5>Presen\u00e7a da Diretoria<\/h5><p><\/p><\/div><\/div><div class='dt-sc-icon-box type8 animated-icons last ' data-delay='0' ><div class=\"icon-wrapper\"><span class='fas fa-user-friends'> <\/span><\/div><div class=\"icon-content\"><h5>Aulas Individuais e Grupo<\/h5><p><\/p><\/div><\/div>[\/vc_column_inner][\/vc_row_inner]<div id=\"1545303008142-41859a43-8e30\" class=\"dt-sc-empty-space\"><\/div>[\/vc_column][vc_column offset=&#8221;vc_col-lg-5&#8243;][\/vc_column][\/vc_row][vc_row full_width=&#8221;stretch_row&#8221; el_class=&#8221;dt-sc-skin-highlight dt-sc-curvy-top&#8221;][vc_column]<div id=\"1545394724577-e2e67eb6-392f\" class=\"dt-sc-empty-space\"><\/div>[\/vc_column][vc_column width=&#8221;1\/2&#8243;][vc_row_inner][vc_column_inner width=&#8221;11\/12&#8243;]<div class='dt-sc-title with-right-border-decor  without-bottom-space alignleft' data-delay='0'><h2>Experi\u00eancia Completa<\/h2><p><\/p><\/div><div id=\"1545394264128-d7bcb252-26b1\" class=\"dt-sc-empty-space\"><\/div><h5 class=\"alignleft \" data-delay='0'>Oferecemos aulas em grupo e pr\u00e1tica de banda, tudo para te preparar para os palcos.<\/h5><div id=\"1546867746623-7962b47f-0d7b\" class=\"dt-sc-empty-space\"><\/div><div class='dt-sc-title with-right-border-decor  without-main-title alignleft' data-delay='0'><h2><\/h2><p>Tamb\u00e9m realizamos Workshops de temas e instrumentos variados com presen\u00e7a de professores e m\u00fasicos convidados.<\/p><\/div><div id=\"1545395851015-290244eb-a6c6\" class=\"dt-sc-empty-space\"><\/div><a href='https:\/\/www.facebook.com\/freestudioescolademusica\/photos_albums' target='_blank' title='Fotos dos Eventos no Facebook' class='dt-sc-button   xlarge icon-left with-icon  rounded-border  animated white' data-delay='0' ><span class='fab fa-facebook-square'> <\/span> Fotos dos Eventos <\/a>[\/vc_column_inner][vc_column_inner width=&#8221;1\/12&#8243;][\/vc_column_inner][\/vc_row_inner][\/vc_column][vc_column width=&#8221;1\/2&#8243;][vc_row_inner][vc_column_inner width=&#8221;1\/2&#8243; offset=&#8221;vc_col-lg-3&#8243;]<div class='dt-sc-icon-box type3 custom-style aligncenter ' data-delay='0' ><div class=\"icon-wrapper\"><span class='fas fa-graduation-cap'> <\/span><\/div><div class=\"icon-content\"><h5>Metodologia Comprovada<\/h5><p><\/p><\/div><\/div><div id=\"1548667870637-0cce5c0f-0fe8\" class=\"dt-sc-empty-space\"><\/div>[\/vc_column_inner][vc_column_inner width=&#8221;1\/2&#8243; offset=&#8221;vc_col-lg-3&#8243;]<div class='dt-sc-icon-box type3 custom-style aligncenter ' data-delay='0' ><div class=\"icon-wrapper\"><span class='fas fa-user-graduate'> <\/span><\/div><div class=\"icon-content\"><h5>Professores Experientes<\/h5><p><\/p><\/div><\/div><div id=\"1548667921155-b48fbe18-fd6a\" class=\"dt-sc-empty-space\"><\/div>[\/vc_column_inner][vc_column_inner width=&#8221;1\/2&#8243; offset=&#8221;vc_col-lg-3&#8243;]<div class='dt-sc-icon-box type3 custom-style aligncenter ' data-delay='0' ><div class=\"icon-wrapper\"><span class='fas fa-drum'> <\/span><\/div><div class=\"icon-content\"><h5>Pr\u00e1tica de Banda<\/h5><p><\/p><\/div><\/div>[\/vc_column_inner][vc_column_inner width=&#8221;1\/2&#8243; offset=&#8221;vc_col-lg-3&#8243;]<div class='dt-sc-icon-box type3 custom-style aligncenter ' data-delay='0' ><div class=\"icon-wrapper\"><span class='fas fa-icons'> <\/span><\/div><div class=\"icon-content\"><h5>Eventos Exclusivos<\/h5><p><\/p><\/div><\/div>[\/vc_column_inner][\/vc_row_inner]<div id=\"1545635512115-b0502fd1-c7e7\" class=\"dt-sc-empty-space\"><\/div><div class='dt-sc-title with-right-border-decor  without-main-title alignleft' data-delay='0'><h2><\/h2><p>Atendemos a alunos de todas as idades e com gostos musicais diversos. Oferecemos aulas tanto em g\u00eaneros populares nacionais ou internacionais. Trabalhamos com Musicoterapia para crian\u00e7as e pessoas com necessidades espec\u00edficas f\u00edsicas e mentais.<\/p><\/div>[\/vc_column][vc_column]<div id=\"1545721165951-b572b865-2f67\" class=\"dt-sc-empty-space\"><\/div>[\/vc_column][\/vc_row][vc_row][vc_column]<div id=\"1545818235951-44ab4d03-7259\" class=\"dt-sc-empty-space\"><\/div><div class='dt-sc-title with-right-border-decor  without-bottom-space aligncenter' data-delay='0'><h2>Depoimentos<\/h2><p>Avalia\u00e7\u00f5es via Google<\/p><\/div><div id=\"1545721820455-9309f55a-5fbe\" class=\"dt-sc-empty-space\"><\/div><div class=\"dt-sc-special-testimonial  wpb_animate_when_almost_visible wpb_bounceIn bounceIn custom-style\" data-delay=\"0\"><div class=\"dt-sc-special-testimonial-images-holder testimonial-details-nav\" data-dots=\"true\" data-itemstoshow=\"3\"><div class=\"dt-sc-testimonial-image\"><img width=\"980\" height=\"980\" src=\"https:\/\/freestudio.com.br\/home\/wp-content\/uploads\/2023\/10\/profile-user-icon-isolated-on-white-background-eps10-free-vector.jpg\" class=\"attachment-full\" alt=\"\" decoding=\"async\" title=\"profile-user-icon-isolated-on-white-background-eps10-free-vector\" loading=\"lazy\" srcset=\"https:\/\/freestudio.com.br\/home\/wp-content\/uploads\/2023\/10\/profile-user-icon-isolated-on-white-background-eps10-free-vector.jpg 980w, https:\/\/freestudio.com.br\/home\/wp-content\/uploads\/2023\/10\/profile-user-icon-isolated-on-white-background-eps10-free-vector-300x300.jpg 300w, https:\/\/freestudio.com.br\/home\/wp-content\/uploads\/2023\/10\/profile-user-icon-isolated-on-white-background-eps10-free-vector-150x150.jpg 150w, https:\/\/freestudio.com.br\/home\/wp-content\/uploads\/2023\/10\/profile-user-icon-isolated-on-white-background-eps10-free-vector-768x768.jpg 768w, https:\/\/freestudio.com.br\/home\/wp-content\/uploads\/2023\/10\/profile-user-icon-isolated-on-white-background-eps10-free-vector-450x450.jpg 450w, https:\/\/freestudio.com.br\/home\/wp-content\/uploads\/2023\/10\/profile-user-icon-isolated-on-white-background-eps10-free-vector-420x420.jpg 420w, https:\/\/freestudio.com.br\/home\/wp-content\/uploads\/2023\/10\/profile-user-icon-isolated-on-white-background-eps10-free-vector-750x750.jpg 750w, https:\/\/freestudio.com.br\/home\/wp-content\/uploads\/2023\/10\/profile-user-icon-isolated-on-white-background-eps10-free-vector-540x540.jpg 540w\" sizes=\"(max-width: 980px) 100vw, 980px\" \/><div class=\"dt-sc-testimonial-author\"><cite>Filipe Luchini<\/cite><\/div><\/div><div class=\"dt-sc-testimonial-image\"><img width=\"980\" height=\"980\" src=\"https:\/\/freestudio.com.br\/home\/wp-content\/uploads\/2023\/10\/profile-user-icon-isolated-on-white-background-eps10-free-vector.jpg\" class=\"attachment-full\" alt=\"\" decoding=\"async\" title=\"profile-user-icon-isolated-on-white-background-eps10-free-vector\" loading=\"lazy\" srcset=\"https:\/\/freestudio.com.br\/home\/wp-content\/uploads\/2023\/10\/profile-user-icon-isolated-on-white-background-eps10-free-vector.jpg 980w, https:\/\/freestudio.com.br\/home\/wp-content\/uploads\/2023\/10\/profile-user-icon-isolated-on-white-background-eps10-free-vector-300x300.jpg 300w, https:\/\/freestudio.com.br\/home\/wp-content\/uploads\/2023\/10\/profile-user-icon-isolated-on-white-background-eps10-free-vector-150x150.jpg 150w, https:\/\/freestudio.com.br\/home\/wp-content\/uploads\/2023\/10\/profile-user-icon-isolated-on-white-background-eps10-free-vector-768x768.jpg 768w, https:\/\/freestudio.com.br\/home\/wp-content\/uploads\/2023\/10\/profile-user-icon-isolated-on-white-background-eps10-free-vector-450x450.jpg 450w, https:\/\/freestudio.com.br\/home\/wp-content\/uploads\/2023\/10\/profile-user-icon-isolated-on-white-background-eps10-free-vector-420x420.jpg 420w, https:\/\/freestudio.com.br\/home\/wp-content\/uploads\/2023\/10\/profile-user-icon-isolated-on-white-background-eps10-free-vector-750x750.jpg 750w, https:\/\/freestudio.com.br\/home\/wp-content\/uploads\/2023\/10\/profile-user-icon-isolated-on-white-background-eps10-free-vector-540x540.jpg 540w\" sizes=\"(max-width: 980px) 100vw, 980px\" \/><div class=\"dt-sc-testimonial-author\"><cite>Giovana e Gabriela<\/cite><\/div><\/div><div class=\"dt-sc-testimonial-image\"><img width=\"980\" height=\"980\" src=\"https:\/\/freestudio.com.br\/home\/wp-content\/uploads\/2023\/10\/profile-user-icon-isolated-on-white-background-eps10-free-vector.jpg\" class=\"attachment-full\" alt=\"\" decoding=\"async\" title=\"profile-user-icon-isolated-on-white-background-eps10-free-vector\" loading=\"lazy\" srcset=\"https:\/\/freestudio.com.br\/home\/wp-content\/uploads\/2023\/10\/profile-user-icon-isolated-on-white-background-eps10-free-vector.jpg 980w, https:\/\/freestudio.com.br\/home\/wp-content\/uploads\/2023\/10\/profile-user-icon-isolated-on-white-background-eps10-free-vector-300x300.jpg 300w, https:\/\/freestudio.com.br\/home\/wp-content\/uploads\/2023\/10\/profile-user-icon-isolated-on-white-background-eps10-free-vector-150x150.jpg 150w, https:\/\/freestudio.com.br\/home\/wp-content\/uploads\/2023\/10\/profile-user-icon-isolated-on-white-background-eps10-free-vector-768x768.jpg 768w, https:\/\/freestudio.com.br\/home\/wp-content\/uploads\/2023\/10\/profile-user-icon-isolated-on-white-background-eps10-free-vector-450x450.jpg 450w, https:\/\/freestudio.com.br\/home\/wp-content\/uploads\/2023\/10\/profile-user-icon-isolated-on-white-background-eps10-free-vector-420x420.jpg 420w, https:\/\/freestudio.com.br\/home\/wp-content\/uploads\/2023\/10\/profile-user-icon-isolated-on-white-background-eps10-free-vector-750x750.jpg 750w, https:\/\/freestudio.com.br\/home\/wp-content\/uploads\/2023\/10\/profile-user-icon-isolated-on-white-background-eps10-free-vector-540x540.jpg 540w\" sizes=\"(max-width: 980px) 100vw, 980px\" \/><div class=\"dt-sc-testimonial-author\"><cite>Kevin Correa dos Santos<\/cite><\/div><\/div><div class=\"dt-sc-testimonial-image\"><img width=\"980\" height=\"980\" src=\"https:\/\/freestudio.com.br\/home\/wp-content\/uploads\/2023\/10\/profile-user-icon-isolated-on-white-background-eps10-free-vector.jpg\" class=\"attachment-full\" alt=\"\" decoding=\"async\" title=\"profile-user-icon-isolated-on-white-background-eps10-free-vector\" loading=\"lazy\" srcset=\"https:\/\/freestudio.com.br\/home\/wp-content\/uploads\/2023\/10\/profile-user-icon-isolated-on-white-background-eps10-free-vector.jpg 980w, https:\/\/freestudio.com.br\/home\/wp-content\/uploads\/2023\/10\/profile-user-icon-isolated-on-white-background-eps10-free-vector-300x300.jpg 300w, https:\/\/freestudio.com.br\/home\/wp-content\/uploads\/2023\/10\/profile-user-icon-isolated-on-white-background-eps10-free-vector-150x150.jpg 150w, https:\/\/freestudio.com.br\/home\/wp-content\/uploads\/2023\/10\/profile-user-icon-isolated-on-white-background-eps10-free-vector-768x768.jpg 768w, https:\/\/freestudio.com.br\/home\/wp-content\/uploads\/2023\/10\/profile-user-icon-isolated-on-white-background-eps10-free-vector-450x450.jpg 450w, https:\/\/freestudio.com.br\/home\/wp-content\/uploads\/2023\/10\/profile-user-icon-isolated-on-white-background-eps10-free-vector-420x420.jpg 420w, https:\/\/freestudio.com.br\/home\/wp-content\/uploads\/2023\/10\/profile-user-icon-isolated-on-white-background-eps10-free-vector-750x750.jpg 750w, https:\/\/freestudio.com.br\/home\/wp-content\/uploads\/2023\/10\/profile-user-icon-isolated-on-white-background-eps10-free-vector-540x540.jpg 540w\" sizes=\"(max-width: 980px) 100vw, 980px\" \/><div class=\"dt-sc-testimonial-author\"><cite>Schanna Sloboda da Silva<\/cite><\/div><\/div><\/div><div class=\"dt-sc-special-testimonial-details-holder testimonial-details-for\"><div class=\"dt-sc-testimonial-description\">Conhe\u00e7o a FreeStudio a anos. Posso dizer que \u00e9 a melhor escola da cidade. Com um corpo docente e pedag\u00f3gico sempre atento ao ensino de seus alunos.<\/p>\n<p>Super recomendo, para quem \u00e9 iniciante ou avan\u00e7ado na m\u00fasica \ud83d\ude09<\/div><div class=\"dt-sc-testimonial-description\">Escola maravilhosa minha filhas adoram, faz sete anos que a mais velha faz aula de canto, a mais nova faz bateria, professores competentes e dedicados, vale muito a pena, recomendo.<\/div><div class=\"dt-sc-testimonial-description\">Melhor escola de Blumenau e regi\u00e3o, professores super qualificados e o principal, cooperadores com cada aluno e suas limita\u00e7\u00f5es. Amei estudar na Free \u2764\ufe0f\u200d\ud83d\udd25<\/div><div class=\"dt-sc-testimonial-description\">Melhor escola de m\u00fasica da cidade. Professores qualificados e as apresenta\u00e7\u00f5es dos alunos s\u00e3o um show a parte!<\/div><\/div><\/div><div id=\"1545817973828-6d1caf5e-f7b7\" class=\"dt-sc-empty-space\"><\/div>[\/vc_column][\/vc_row][vc_row full_width=&#8221;stretch_row&#8221; el_class=&#8221;dt-sc-skin-highlight dt-sc-paper-pattern-bottom&#8221; addstyles=&#8221;overflow: visible;&#8221;][vc_column][vc_empty_space height=&#8221;60px&#8221;]<div class='dt-sc-title with-right-border-decor  without-bottom-space aligncenter' data-delay='0'><h2>Cursos em Destaque<\/h2><p><\/p><\/div>[vc_empty_space height=&#8221;42px&#8221;][\/vc_column][vc_column width=&#8221;1\/2&#8243; offset=&#8221;vc_col-lg-3&#8243;][vc_hoverbox image=&#8221;19833&#8243; primary_title=&#8221;&#8221; hover_title=&#8221;Canto&#8221; hover_align=&#8221;left&#8221; hover_background_color=&#8221;white&#8221; align=&#8221;left&#8221; reverse=&#8221;true&#8221; el_class=&#8221;custom-style type-1&#8243;]Ele \u00e9 uma das formas mais universais de comunica\u00e7\u00e3o e express\u00e3o art\u00edstica, seja erudita ou popular.<\/p>\n<p><a href=\"#\">Saiba Mais<\/a>[\/vc_hoverbox][\/vc_column][vc_column width=&#8221;1\/2&#8243; offset=&#8221;vc_col-lg-3&#8243;][vc_hoverbox image=&#8221;19829&#8243; primary_title=&#8221;&#8221; hover_title=&#8221;Bateria&#8221; hover_align=&#8221;left&#8221; hover_background_color=&#8221;white&#8221; align=&#8221;left&#8221; reverse=&#8221;true&#8221; el_class=&#8221;custom-style type-1&#8243;]A bateria desempenha um papel crucial na cria\u00e7\u00e3o da batida\/ritmo e na din\u00e2mica toda de uma m\u00fasica.<\/p>\n<p><a href=\"#\">Saiba Mais<\/a>[\/vc_hoverbox][\/vc_column][vc_column width=&#8221;1\/2&#8243; offset=&#8221;vc_col-lg-3&#8243;][vc_hoverbox image=&#8221;19835&#8243; primary_title=&#8221;&#8221; hover_title=&#8221;Guitarra&#8221; hover_align=&#8221;left&#8221; hover_background_color=&#8221;white&#8221; align=&#8221;left&#8221; reverse=&#8221;true&#8221; el_class=&#8221;custom-style type-1&#8243;]Pertencente \u00e0 fam\u00edlia das cordas \u00e9 um dos instrumentos mais populares e ic\u00f4nicos na m\u00fasica moderna.<\/p>\n<p><a href=\"#\">Saiba Mais<\/a>[\/vc_hoverbox][\/vc_column][vc_column width=&#8221;1\/2&#8243; offset=&#8221;vc_col-lg-3&#8243;][vc_hoverbox image=&#8221;19842&#8243; primary_title=&#8221;&#8221; hover_title=&#8221;Teclado&#8221; hover_align=&#8221;left&#8221; hover_background_color=&#8221;white&#8221; align=&#8221;left&#8221; reverse=&#8221;true&#8221; el_class=&#8221;custom-style type-1&#8243;]O teclado \u00e9 um instrumento de teclas temperado, no qual se executam melodias e notas, formando uma harmonia.<\/p>\n<p><a href=\"#\">Saiba Mais<\/a>[\/vc_hoverbox][\/vc_column][vc_column]<div id=\"1545743007496-90cb22d1-356a\" class=\"dt-sc-empty-space\"><\/div>[vc_btn title=&#8221;Ver Todos os Cursos&#8221; color=&#8221;black&#8221; size=&#8221;lg&#8221; align=&#8221;center&#8221; i_icon_fontawesome=&#8221;fas fa-guitar&#8221; css_animation=&#8221;bounceIn&#8221; button_block=&#8221;true&#8221; add_icon=&#8221;true&#8221; link=&#8221;url:https%3A%2F%2Ffreestudio.com.br%2Fhome%2Fnossos-cursos%2F&#8221;][\/vc_column][\/vc_row]<\/p>\n<\/section>","protected":false},"excerpt":{"rendered":"<p>[vc_row full_width=&#8221;stretch_row&#8221; bg_type=&#8221;image&#8221; parallax_style=&#8221;vcpb-fs-jquery&#8221; layer_image=&#8221;19898,882&#8243; parallax_sense=&#8221;60&#8243; el_class=&#8221;dt-sc-animated-interaction&#8221; addstyles=&#8221;overflow: visible;&#8221;][vc_column offset=&#8221;vc_col-lg-7&#8243;][vc_row_inner][vc_column_inner width=&#8221;1\/2&#8243;][\/vc_column_inner][vc_column_inner width=&#8221;1\/2&#8243;][\/vc_column_inner][\/vc_row_inner][\/vc_column][vc_column offset=&#8221;vc_col-lg-5&#8243;][\/vc_column][\/vc_row][vc_row full_width=&#8221;stretch_row&#8221; el_class=&#8221;dt-sc-skin-highlight dt-sc-curvy-top&#8221;][vc_column][\/vc_column][vc_column width=&#8221;1\/2&#8243;][vc_row_inner][vc_column_inner width=&#8221;11\/12&#8243;][\/vc_column_inner][vc_column_inner width=&#8221;1\/12&#8243;][\/vc_column_inner][\/vc_row_inner][\/vc_column][vc_column width=&#8221;1\/2&#8243;][vc_row_inner][vc_column_inner width=&#8221;1\/2&#8243; offset=&#8221;vc_col-lg-3&#8243;][\/vc_column_inner][vc_column_inner width=&#8221;1\/2&#8243; offset=&#8221;vc_col-lg-3&#8243;][\/vc_column_inner][vc_column_inner width=&#8221;1\/2&#8243; offset=&#8221;vc_col-lg-3&#8243;][\/vc_column_inner][vc_column_inner width=&#8221;1\/2&#8243; offset=&#8221;vc_col-lg-3&#8243;][\/vc_column_inner][\/vc_row_inner][\/vc_column][vc_column][\/vc_column][\/vc_row][vc_row][vc_column][\/vc_column][\/vc_row][vc_row full_width=&#8221;stretch_row&#8221; el_class=&#8221;dt-sc-skin-highlight dt-sc-paper-pattern-bottom&#8221; addstyles=&#8221;overflow: visible;&#8221;][vc_column][vc_empty_space height=&#8221;60px&#8221;][vc_empty_space height=&#8221;42px&#8221;][\/vc_column][vc_column width=&#8221;1\/2&#8243; offset=&#8221;vc_col-lg-3&#8243;][vc_hoverbox image=&#8221;19833&#8243; primary_title=&#8221;&#8221; hover_title=&#8221;Canto&#8221; hover_align=&#8221;left&#8221; hover_background_color=&#8221;white&#8221; align=&#8221;left&#8221; reverse=&#8221;true&#8221; el_class=&#8221;custom-style type-1&#8243;]Ele \u00e9 uma das formas mais universais de comunica\u00e7\u00e3o e [&hellip;]<\/p>\n","protected":false},"author":1,"featured_media":0,"parent":0,"menu_order":0,"comment_status":"closed","ping_status":"closed","template":"","meta":{"footnotes":"","_joinchat":[]},"_links":{"self":[{"href":"https:\/\/freestudio.com.br\/home\/wp-json\/wp\/v2\/pages\/94"}],"collection":[{"href":"https:\/\/freestudio.com.br\/home\/wp-json\/wp\/v2\/pages"}],"about":[{"href":"https:\/\/freestudio.com.br\/home\/wp-json\/wp\/v2\/types\/page"}],"author":[{"embeddable":true,"href":"https:\/\/freestudio.com.br\/home\/wp-json\/wp\/v2\/users\/1"}],"replies":[{"embeddable":true,"href":"https:\/\/freestudio.com.br\/home\/wp-json\/wp\/v2\/comments?post=94"}],"version-history":[{"count":25,"href":"https:\/\/freestudio.com.br\/home\/wp-json\/wp\/v2\/pages\/94\/revisions"}],"predecessor-version":[{"id":20025,"href":"https:\/\/freestudio.com.br\/home\/wp-json\/wp\/v2\/pages\/94\/revisions\/20025"}],"wp:attachment":[{"href":"https:\/\/freestudio.com.br\/home\/wp-json\/wp\/v2\/media?parent=94"}],"curies":[{"name":"wp","href":"https:\/\/api.w.org\/{rel}","templated":true}]}}